 by 41.
19
Calculate the remainder when 136255 is divided by 56.
7
Calculate the remainder when 189170 is divided by 188800.
370
Calculate the remainder when 171408 is divided by 2720.
48
Calculate the remainder when 7753717 is divided by 248.
245
Calculate the remainder when 16835997 is divided by 750.
747
Calculate the remainder when 337148614 is divided by 13.
10
Calculate the remainder when 362111211 is divided by 180.
171
Calculate the remainder when 651148 is divided by 629.
133
Calculate the remainder when 8093274 is divided by 326.
324
Calculate the remainder when 21503 is divided by 145.
43
What is the remainder when 1585769 is divided by 289?
26
Calculate the remainder when 1512003 is divided by 167999.
12
What is the remainder when 2616 is divided by 2380?
236
Calculate the remainder when 264861661 is divided by 34.
29
Calculate the remainder when 3326038 is divided by 2297.
2279
What is the remainder when 5090855 is divided by 195801?
29
What is the remainder when 6567046 is divided by 3283522?
2
Calculate the remainder when 10833044 is divided by 17.
15
Calculate the remainder when 1996502 is divided by 760.
742
Calculate the remainder when 29261725 is divided by 543.
541
What is the remainder when 30871 is divided by 490?
1
What is the remainder when 488559 is divided by 69772?
155
Calculate the remainder when 102724614 is divided by 863.
861
What is the remainder when 8769272 is divided by 14838?
14
What is the remainder when 686913 is divided by 228970?
3
Calculate the remainder when 718718 is divided by 330.
308
Calculate the remainder when 16579435 is divided by 1573.
15
What is the remainder when 45127024 is divided by 42?
40
What is the remainder when 170409 is divided by 8516?
89
What is the remainder when 115999827 is divided by 310?
307
What is the remainder when 12907 is divided by 2765?
1847
Calculate the remainder when 1254531 is divided by 91.
5
What is the remainder when 293380 is divided by 11732?
80
Calculate the remainder when 26871165 is divided by 5374227.
30
What is the remainder when 7576607 is divided by 333?
191
What is the remainder when 7931155 is divided by 140?
15
Calculate the remainder when 52743241 is divided by 1901.
1897
What is the remainder when 328480 is divided by 139?
23
What is the remainder when 3190510 is divided by 993?
1
What is the remainder when 306397820 is divided by 76599453?
8
Calculate the remainder when 126993891 is divided by 3057.
3054
Calculate the remainder when 19609741 is divided by 9804806.
129
What is the remainder when 117262617 is divided by 12?
9
Calculate the remainder when 9483 is divided by 2241.
519
What is the remainder when 433217 is divided by 431958?
1259
Calculate the remainder when 19964873 is divided by 9720.
9713
Calculate the remainder when 217206 is divided by 3143.
339
What is the remainder when 25075572 is divided by 886?
0
What is the remainder when 1276129 is divided by 39?
10
Calculate the remainder when 9313981 is divided by 64.
61
What is the remainder when 15367229 is divided by 3841796?
45
Calculate the remainder when 117592 is divided by 1113.
727
Calculate the remainder when 48080 is divided by 23345.
1390
Calculate the remainder when 13293851 is divided by 108.
23
What is the remainder when 915749 is divided by 40?
29
Calculate the remainder when 5789670 is divided by 31.
17
What is the remainder when 10591316 is divided by 1765217?
14
What is the remainder when 23971058 is divided by 82?
80
Calculate the remainder when 9100463 is divided by 1137547.
87
What is the remainder when 8022195 is divided by 9438?
9333
What is the remainder when 55749108 is divided by 1795?
1793
What is the remainder when 1448256 is divided by 142?
140
What is the remainder when 596286 is divided by 8281?
54
What is the remainder when 3118996 is divided by 583?
529
What is the remainder when 3369594 is divided by 270?
264
Calculate the remainder when 99208689 is divided by 22.
19
What is the remainder when 24724191 is divided by 8241336?
183
Calculate the remainder when 531318 is divided by 265552.
214
What is the remainder when 3109822 is divided by 1754?
1734
What is the remainder when 1822997 is divided by 8936?
53
Calculate the remainder when 139478 is divided by 4907.
2082
What is the remainder when 1845592 is divided by 922777?
38
What is the remainder when 704725 is divided by 233766?
3427
Calculate the remainder when 1219727 is divided by 31.
1
Calculate the remainder when 16318 is divided by 283.
187
What is the remainder when 10100031 is divided by 140?
11
Calculate the remainder when 60211 is divided by 30103.
5
Calculate the remainder when 28011969 is divided by 239.
213
What is the remainder when 7519459 is divided by 1826?
1817
What is the remainder when 17255 is divided by 3487?
3307
What is the remainder when 162637 is divided by 40596?
253
Calculate the remainder when 413793 is divided by 246.
21
Calculate the remainder when 127098 is divided by 6679.
197
What is the remainder when 6105789 is divided by 1221149?
44
What is the remainder when 6461 is divided by 71?
0
Calculate the remainder when 487038940 is divided by 13.
11
What is the remainder when 461396829 is divided by 1248?
1245
What is the remainder when 73419074 is divided by 2202?
2192
What is the remainder when 1550117 is divided by 470?
57
What is the remainder when 3317962 is divided by 17?
4
Calculate the remainder when 1879214 is divided by 187917.
44
What is the remainder when 55851150 is divided by 1204?
1202
Calculate the remainder when 3817120 is divided by 1272364.
28
What is the remainder when 29352 is divided by 13965?
1422
What is the remainder when 318260 is divided by 2210?
20
What is the remainder when 1082596 is divided by 241?
24
What is the remainder when 44950191 is divided by 3457707?
0
Calculate the remainder when 979507 is divided by 1109.
260
What is the remainder when 1873863 is divided by 234?
225
What is the remainder when 11652776 is divided by 1011?
1001
What is the remainder when 3703777 is divided by 2373?
1897
Calculate the remainder when 22961684 is divided by 6.
2
What is the remainder when 103207 is divided by 1122?
1105
Calculate the remainder when 32886 is divided by 1784.
774
Calculate the remainder when 6064 is divided by 377.
32
What is the remainder when 12447714 is divided by 110?
4
What is the remainder when 7928842 is divided by 3964404?
34
What is the remainder when 560938 is divided by 1138?
1042
What is the remainder when 2476010 is divided by 90?
20
What is the remainder when 22346773 is divided by 55?
53
What is the remainder when 40616 is divided by 12?
8
Calculate the remainder when 122177754 is divided by 8145183.
9
What is the remainder when 75515936 is divided by 19?
18
Calculate the remainder when 3270309 is divided by 19820.
9
What is the remainder when 213612 is divided by 2455?
27
Calculate the remainder when 8647340 is divided by 1729468.
0
What is the remainder when 559389 is divided by 2509?
2391
What is the remainder when 49688 is divided by 133?
79
What is the remainder when 9316281 is divided by 588?
9
What is the remainder when 1672364 is divided by 652?
636
What is the remainder when 59276 is divided by 4232?
28
What is the remainder when 286317 is divided by 143088?
141
What is the remainder when 119067 is divided by 23168?
3227
What is the remainder when 683 is divided by 495?
188
Calculate the remainder when 700411 is divided by 116517.
1309
Calculate the remainder when 1633374 is divided by 3543.
51
Calculate the remainder when 102170910 is divided by 114.
6
Calculate the remainder when 547469 is divided by 416.
13
What is the remainder when 436704 is divided by 1486?
1306
Calculate the remainder when 572448 is divided by 114486.
18
Calculate the remainder when 9657861 is divided by 804818.
45
Calculate the remainder when 1184810 is divided by 394723.
641
Calculate the remainder when 198799879 is divided by 20.
19
Calculate the remainder when 74980 is divided by 38.
6
What is the remainder when 320123 is divided by 319255?
868
What is the remainder when 2383323 is divided by 25627?
12
What is the remainder when 43003 is divided by 66?
37
What is the remainder when 522274 is divided by 7055?
204
Calculate the remainder